001 - -2?
1000010
In base 10, what is 46 + -84?
-38
In base 15, what is 22 + -c9?
-a7
In base 8, what is -27 + 0?
-27
In base 4, what is 0 - -221001?
221001
In base 12, what is -12 - a?
-20
In base 8, what is -137 - -5?
-132
In base 6, what is 2 + 42304?
42310
In base 4, what is 3 + -1330?
-1321
In base 9, what is 2377 + 2?
2380
In base 7, what is 23 + -65?
-42
In base 8, what is 4460 + 2?
4462
In base 4, what is -110 - 310?
-1020
In base 10, what is 7 + -143?
-136
In base 5, what is 4042 - -10?
4102
In base 15, what is 2 + -2a?
-28
In base 3, what is -2 + 10210?
10201
In base 5, what is 4 - -3424?
3433
In base 6, what is 10 + -1305?
-1255
In base 4, what is 122132 - -1?
122133
In base 8, what is -2 - 66?
-70
In base 6, what is 102 - -2?
104
In base 15, what is -1d + 53?
35
In base 16, what is -7 - 44?
-4b
In base 9, what is 0 - 44?
-44
In base 14, what is -5 - a65?
-a6a
In base 9, what is 0 + 215?
215
In base 15, what is 1d + -3?
1a
In base 13, what is -2 - -3?
1
In base 14, what is 4 + -11?
-b
In base 4, what is -1203211 + 0?
-1203211
In base 5, what is 23311 - -3?
23314
In base 15, what is 2b + -4?
27
In base 16, what is -1478 - -2?
-1476
In base 6, what is 2 + 4421?
4423
In base 7, what is -5 + -3?
-11
In base 9, what is 1676 - -2?
1678
In base 3, what is 1201 + -200?
1001
In base 8, what is 343 + -2?
341
In base 15, what is -e - 1d?
-2c
In base 7, what is -400 + -2?
-402
In base 8, what is 2 - 4676?
-4674
In base 9, what is -1 + 314?
313
In base 15, what is -149 - 33?
-17c
In base 4, what is -22 + 2000?
1312
In base 4, what is 130 + -100?
30
In base 14, what is -20 - -4?
-1a
In base 12, what is -9 + -2?
-b
In base 10, what is 504 - 3?
501
In base 5, what is 10 - -340?
400
In base 8, what is -124 + -4?
-130
In base 9, what is 5 + -3488?
-3483
In base 6, what is -1500 - 0?
-1500
In base 6, what is -330 + 204?
-122
In base 12, what is -4 - 1536?
-153a
In base 8, what is -2503 + -3?
-2506
In base 12, what is -1 - -b1?
b0
In base 7, what is -1363 + 2?
-1361
In base 7, what is 13 - 31?
-15
In base 13, what is -1a8 - c?
-1b7
In base 9, what is 32 - -4?
36
In base 10, what is -13682 + 5?
-13677
In base 13, what is 48 + 0?
48
In base 9, what is 12 + 158?
171
In base 14, what is 1 + -129?
-128
In base 8, what is -1057 - 1?
-1060
In base 4, what is 11 - -1131?
1202
In base 10, what is 12 - 4?
8
In base 8, what is 3 - 3475?
-3472
In base 9, what is 347 + 0?
347
In base 7, what is 5 + 1102?
1110
In base 11, what is -1 + -19?
-1a
In base 16, what is -2 - -7?
5
In base 5, what is -1101 - 0?
-1101
In base 10, what is -22 + 16?
-6
In base 3, what is -10 + -1220?
-2000
In base 6, what is 0 + -11?
-11
In base 16, what is 61c - -4?
620
In base 14, what is -33 + 370?
33b
In base 2, what is 1010 + 1100100?
1101110
In base 4, what is 2 + -3303?
-3301
In base 9, what is 5 - 28?
-23
In base 9, what is -146 - 26?
-173
In base 3, what is 1 - 12201?
-12200
In base 3, what is 0 - 220010?
-220010
In base 2, what is -11 - 100111?
-101010
In base 11, what is 54 + 19?
72
In base 10, what is -33 + 4?
-29
In base 8, what is 7 - 1313?
-1304
In base 12, what is 3 - -160?
163
In base 13, what is 1 + -c74?
-c73
In base 15, what is da3 - 4?
d9e
In base 9, what is 1 - 1437?
-1436
In base 11, what is 5 - -21?
26
In base 5, what is -12 - -220?
203
In base 7, what is 12 + 2?
14
In base 7, what is -141 - 1?
-142
In base 12, what is 27a - 4?
276
In base 13, what is 0 + -2a?
-2a
In base 16, what is -673 - -4?
-66f
In base 15, what is -1d29 - 0?
-1d29
In base 14, what is -34 + -116?
-14a
In base 2, what is -1110110 - 1000?
-1111110
In base 16, what is 0 + fd?
fd
In base 9, what is 41 + 6?
47
In base 7, what is 56 - 4?
52
In base 10, what is 1957 + 4?
1961
In base 14, what is 6ca + 4?
6d0
In base 5, what is 32433 + 3?
32441
In base 12, what is -114a - 3?
-1151
In base 15, what is 24 + 42?
66
In base 3, what is -21 + 11222?
11201
In base 6, what is -5 + 4511?
4502
In base 8, what is 0 + -43?
-43
In base 7, what is 10 - -100?
110
In base 4, what is -1223222 - 0?
-1223222
In base 12, what is b4 - 0?
b4
In base 2, what is -101001100 + -11?
-101001111
In base 9, what is 273 + 26?
310
In base 9, what is 23 + -64?
-41
In base 3, what is -11 - -20011021?
20011010
In base 15, what is 435c - 2?
435a
In base 7, what is 242 + -6?
233
In base 5, what is 1 + 4241?
4242
In base 8, what is -14 - -151?
135
In base 5, what is -4 + -10?
-14
In base 7, what is 13 + -120?
-104
In base 16, what is 0 - 59?
-59
In base 14, what is a7 + 5?
ac
In base 6, what is -1341 - 20?
-1401
In base 12, what is -18 - b?
-27
In base 12, what is -2 + 7?
5
In base 16, what is -1 - 97?
-98
In base 8, what is 252 + 4?
256
In base 10, what is -1868 - -3?
-1865
In base 16, what is 3 - -17c2?
17c5
In base 3, what is -2122 + -12?
-2211
In base 3, what is -10 + 1121202?
1121122
In base 3, what is 110011 + -1?
110010
In base 3, what is 0 - -120?
120
In base 7, what is -3 - 13?
-16
In base 5, what is 3 + -134?
-131
In base 10, what is -39 - 476?
-515
In base 9, what is 3 + 634?
637
In base 12, what is -5 - 14?
-19
In base 11, what is -6 - -39?
33
In base 5, what is -200 + -20?
-220
In base 11, what is 29 + 2?
30
In base 4, what is 301132 - 10?
301122
In base 2, what is -1010 - 10011100?
-10100110
In base 12, what is -14 + -1b?
-33
In base 4, what is 3123 - 1?
3122
In base 10, what is 8 + -296?
-288
In base 7, what is 254 - 210?
44
In base 8, what is 41250 + -3?
41245
In base 5, what is 20444 + -2?
20442
In base 8, what is -155 - 30?
-205
In base 2, what is -10 + -1111?
-10001
In base 14, what is -3b - -5?
-36
In base 14, what is 108 - 23?
c5
In base 14, what is -3 - -46?
43
In base 13, what is 251 - 3?
24b
In base 4, what is -10 - 1021?
-1031
In base 15, what is d + 16?
24
In base 13, what is 2b + -45?
-17
In base 7, what is 2242 + -2?
2240
In base 15, what is -b + -216?
-222
In base 12, what is -55 - -3?
-52
In base 16, what is 5 + -87?
-82
In base 7, what is -1 - 3301?
-3302
In base 7, what is 12 - 12?
0
In base 16, what is -1b0 + 1?
-1af
In base 2, what is 1 + -1001111?
-1001110
In base 13, what is 0 + 16a?
16a
In base 8, what is 54367 - -3?
54372
In base 6, what is -4 - -13245?
13241
In base 5, what is -202 - 10?
-212
In base 13, what is 1 - 561?
-560
In base 14, what is d + 17?
26
In base 3, what is 11222 + -1011?
10211
In base 16, what is -3 - 8?
-b
In base 7, what is -34342 - -1?
-34341
In base 11, what is -1128 + 0?
-1128
In base 4, what is -2 - -1300?
1232
In base 8, what is -7 + -10?
-17
In base 13, what is 3 - -3?
6
In base 11, what is 4a2 - -4?
4a6
In base 13, what is -2740 - -3?
-273a
In base 9, what is 113 - -72?
185
In base 16, what is -69e + 3?
-69b
In base 13, what is -15 - -42?
2a
In base 3, what is -20000 + -2201?
-22201
In base 6, what is -10202 + 4?
-10154
In base 4, what is 111123 - -22?
111211
In base 2, what is 10110 + -10110?
0
In base 13, what is -13aa2 + -5?
-13aa7
In base 9, what is 4 + 120?
124
In base 11, what is -8 + 294?
287
In base 2, what is -100110001 - -10?
-100101111
In base 10, what is 4 - -7?
11
In base 7, what is 1 + -6065?
-6064
In base 10, what is 476 + 0?
476
In base 2, what is 101110 + -1011?
100011
In base 4, what is 33 - 12003?
-11310
In base 4, what is 2 - 10301?
-10233
In base 14, what is 60 - ac?
-4c
In base 10, what is 413 + 2?
415
In base 5, what is 101 - 201?
-100
In base 5, what is 3 - 1124?
-1121
In base 9, what is -165 - -8?
-156
In base 6, what is -142503 + -3?
-142510
In base 5, what is 2343 - -111?
3004
In base 6, what is 220 + 4?
224
In base 2, what is 10101 - 10011110?
-10001001
In base 6, what is -200 - 0?
-200
In base 10, what is -59 + -54?
-113
In base 14, what is 3 + -3c7?
-3c4
In base 14, what is 0 + -2b?
-2b
In base 2, what is 10 - -110100?
110110
In base 5, what is -302402 - 10?
-302412
In base 2, what is 10011101001 - 111?
10011100010
In base 16, what is 6d - -e?
7b
In base 14, what is -1 - -55?
54
In base 6, what is -204 - 2?
-210
In base 14, what is -3 + -3a4?
-3a7
In base 15, what is -44 + 0?
-44
In base 14, what is -24 - -14?
-10
In base 13, what is -3 + 53?
50
In base 2, what is 101101 + 0?
101101
In base 2, what is 10111 + 1111?
100110
In base 8, what is 3726 + 2?
3730
In base 16, what is -a5 - -14?
-91
In base 16, what is af6 - 3?
af3
In base 11, what is -2